{"id":1026,"date":"2025-10-29T20:33:20","date_gmt":"2025-10-29T20:33:20","guid":{"rendered":"https:\/\/action-territoire.fr\/?page_id=1026"},"modified":"2025-10-31T15:10:12","modified_gmt":"2025-10-31T15:10:12","slug":"mentions-legales","status":"publish","type":"page","link":"https:\/\/action-territoire.fr\/?page_id=1026","title":{"rendered":"Mentions l\u00e9gales"},"content":{"rendered":"\t\t<div data-elementor-type=\"wp-page\" data-elementor-id=\"1026\" class=\"elementor elementor-1026\">\n\t\t\t\t<div class=\"elementor-element elementor-element-b5037af e-flex e-con-boxed e-con e-parent\" data-id=\"b5037af\" data-element_type=\"container\">\n\t\t\t\t\t<div class=\"e-con-inner\">\n\t\t<div class=\"elementor-element elementor-element-0743720 e-con-full e-flex e-con e-child\" data-id=\"0743720\" data-element_type=\"container\">\n\t\t\t\t<div class=\"elementor-element elementor-element-e2fbdf0 elementor-widget elementor-widget-image\" data-id=\"e2fbdf0\" data-element_type=\"widget\" data-widget_type=\"image.default\">\n\t\t\t\t\t\t\t\t\t\t\t\t\t\t\t<img decoding=\"async\" src=\"https:\/\/action-territoire.fr\/wp-content\/uploads\/2025\/10\/logo.png\" title=\"\" alt=\"\" loading=\"lazy\" \/>\t\t\t\t\t\t\t\t\t\t\t\t\t\t\t<\/div>\n\t\t\t\t<\/div>\n\t\t<div class=\"elementor-element elementor-element-7300c65 e-con-full e-flex e-con e-child\" data-id=\"7300c65\" data-element_type=\"container\">\n\t\t<div class=\"elementor-element elementor-element-224c252 e-con-full e-flex e-con e-child\" data-id=\"224c252\" data-element_type=\"container\">\n\t\t\t\t<div class=\"elementor-element elementor-element-281cac4 elementor-widget elementor-widget-text-editor\" data-id=\"281cac4\" data-element_type=\"widget\" data-widget_type=\"text-editor.default\">\n\t\t\t\t\t\t\t\t\t<p style=\"font-weight: 400;\"><strong>\u00c9<\/strong><strong>diteur du site<\/strong><\/p><p style=\"font-weight: 400;\">Le site <a href=\"https:\/\/action-territoire.fr\">https:\/\/action-territoire.fr<\/a>\u00a0est \u00e9dit\u00e9 par <strong>Action Territoire<\/strong>, entreprise immatricul\u00e9e :92779491700017<\/p><p style=\"font-weight: 400;\">Responsable de publication : <strong>Lou Lise Aim<\/strong><strong>\u00e9<\/strong><strong>e Bourdon<\/strong><\/p><p style=\"font-weight: 400;\">Contact : contact@action-territoire.fr<\/p><p style=\"font-weight: 400;\"><strong>H<\/strong><strong>\u00e9<\/strong><strong>bergement<\/strong><\/p><p style=\"font-weight: 400;\">Le site est h\u00e9berg\u00e9 par <strong>OVH SAS<\/strong>,<\/p><p style=\"font-weight: 400;\">2 rue Kellermann \u2013 59100 Roubaix \u2013 France.<\/p><p style=\"font-weight: 400;\">T\u00e9l. : 09 72 10 10 07 \u2013 https:\/\/www.ovhcloud.com<\/p><p style=\"font-weight: 400;\"><strong>Propri<\/strong><strong>\u00e9<\/strong><strong>t<\/strong><strong>\u00e9<\/strong><strong> intellectuelle<\/strong><\/p><p style=\"font-weight: 400;\">L\u2019ensemble des \u00e9l\u00e9ments pr\u00e9sents sur ce site (textes, images, graphismes, logo, structure, design, etc.) sont la propri\u00e9t\u00e9 exclusive de <strong>Action Territoire<\/strong>, sauf mention contraire.<\/p><p style=\"font-weight: 400;\">Toute reproduction, distribution ou utilisation, totale ou partielle, sans autorisation \u00e9crite pr\u00e9alable, est strictement interdite.<\/p><p style=\"font-weight: 400;\"><strong>Responsabilit<\/strong><strong>\u00e9<\/strong><\/p><p style=\"font-weight: 400;\">Le contenu du site est fourni \u00e0 titre informatif. Malgr\u00e9 le soin apport\u00e9 \u00e0 sa mise \u00e0 jour, <strong>Action Territoire<\/strong> ne saurait \u00eatre tenue responsable d\u2019\u00e9ventuelles erreurs ou omissions, ni d\u2019une mauvaise interpr\u00e9tation de ces informations.<\/p>\t\t\t\t\t\t\t\t<\/div>\n\t\t\t\t<\/div>\n\t\t\t\t<\/div>\n\t\t\t\t\t<\/div>\n\t\t\t\t<\/div>\n\t\t<div class=\"elementor-element elementor-element-b24bf04 e-flex e-con-boxed e-con e-parent\" data-id=\"b24bf04\" data-element_type=\"container\">\n\t\t\t\t\t<div class=\"e-con-inner\">\n\t\t\t\t<div class=\"elementor-element elementor-element-3190046 elementor-align-center elementor-widget elementor-widget-button\" data-id=\"3190046\" data-element_type=\"widget\" data-widget_type=\"button.default\">\n\t\t\t\t\t\t\t\t\t\t<a class=\"elementor-button elementor-button-link elementor-size-sm\" href=\"https:\/\/action-territoire.fr\">\n\t\t\t\t\t\t<span class=\"elementor-button-content-wrapper\">\n\t\t\t\t\t\t\t\t\t<span class=\"elementor-button-text\">Accueil<\/span>\n\t\t\t\t\t<\/span>\n\t\t\t\t\t<\/a>\n\t\t\t\t\t\t\t\t<\/div>\n\t\t\t\t\t<\/div>\n\t\t\t\t<\/div>\n\t\t\t\t<\/div>\n\t\t","protected":false},"excerpt":{"rendered":"<p>\u00c9diteur du site Le site https:\/\/action-territoire.fr\u00a0est \u00e9dit\u00e9 par Action Territoire, entreprise immatricul\u00e9e :92779491700017 Responsable de publication : Lou Lise Aim\u00e9e Bourdon Contact : contact@action-territoire.fr H\u00e9bergement Le site est h\u00e9berg\u00e9 par OVH SAS, 2 rue Kellermann \u2013 59100 Roubaix \u2013 France. T\u00e9l. : 09 72 10 10 07 \u2013 https:\/\/www.ovhcloud.com Propri\u00e9t\u00e9 intellectuelle L\u2019ensemble des \u00e9l\u00e9ments pr\u00e9sents [&hellip;]<\/p>\n","protected":false},"author":1,"featured_media":0,"parent":0,"menu_order":0,"comment_status":"closed","ping_status":"closed","template":"","meta":{"_themeisle_gutenberg_block_has_review":false,"footnotes":""},"class_list":["post-1026","page","type-page","status-publish","hentry"],"_links":{"self":[{"href":"https:\/\/action-territoire.fr\/index.php?rest_route=\/wp\/v2\/pages\/1026","targetHints":{"allow":["GET"]}}],"collection":[{"href":"https:\/\/action-territoire.fr\/index.php?rest_route=\/wp\/v2\/pages"}],"about":[{"href":"https:\/\/action-territoire.fr\/index.php?rest_route=\/wp\/v2\/types\/page"}],"author":[{"embeddable":true,"href":"https:\/\/action-territoire.fr\/index.php?rest_route=\/wp\/v2\/users\/1"}],"replies":[{"embeddable":true,"href":"https:\/\/action-territoire.fr\/index.php?rest_route=%2Fwp%2Fv2%2Fcomments&post=1026"}],"version-history":[{"count":19,"href":"https:\/\/action-territoire.fr\/index.php?rest_route=\/wp\/v2\/pages\/1026\/revisions"}],"predecessor-version":[{"id":1189,"href":"https:\/\/action-territoire.fr\/index.php?rest_route=\/wp\/v2\/pages\/1026\/revisions\/1189"}],"wp:attachment":[{"href":"https:\/\/action-territoire.fr\/index.php?rest_route=%2Fwp%2Fv2%2Fmedia&parent=1026"}],"curies":[{"name":"wp","href":"https:\/\/api.w.org\/{rel}","templated":true}]}}